= -5*u - 26, 2*v + t = 6*v - 4*u. What is the remainder when 17 is divided by v?
5
Suppose -2*w = -g + 216, 4*g - 4*w + w - 839 = 0. Suppose 3*i + 5*v - 4*v = g, -2*v = -10. What is the remainder when i is divided by 23?
21
Suppose -b - 6 = -31. Calculate the remainder when b is divided by (-1 - 0 - -14)*1.
12
Let l be 4 - 5 - (0 - 1). Suppose l*p = -p + 4. Let g = p - 2. What is the remainder when 3 is divided by g?
1
Let f(g) = -29 + 29 - 25*g - 2*g. What is the remainder when f(-2) is divided by 28?
26
Let g(z) = -z**3 + 7*z**2 - 5*z - 6. Let p(f) = -f**3 + 5*f**2 + 5. Let a be p(5). What is the remainder when 35 is divided by g(a)?
16
Suppose 0 = -3*i + 15, 2*i - 260 = -5*a - 2*i. Suppose u + a = 4*u. Calculate the remainder when 29 is divided by u.
13
Let w(o) = o**3 - 8*o**2 - 2*o - 8. Let f be w(9). Suppose -f = -3*g + 20. Calculate the remainder when 48 is divided by g.
23
Let c(q) = -q + 26. Calculate the remainder when c(0) is divided by ((-1)/2)/(10/(-180)).
8
Suppose -d = -0*d - 2. Suppose 7 = 2*g + 3*z, d*z - 4 = -5*g + 30. What is the remainder when g is divided by 3?
2
Suppose 10 = 5*g - 5*w, -w = 4*g + 2*w - 36. Calculate the remainder when (-630)/(-12)*4/g is divided by 18.
17
Suppose -d + 0 = -3. Let z = d - -14. Calculate the remainder when 66 is divided by z.
15
What is the remainder when ((-19)/(-4))/(25/500) is divided by 50?
45
Suppose -5*o = -4*f - 370, 4*o = 2*o + 4*f + 136. Calculate the remainder when o is divided by 16.
14
Suppose 14 + 49 = 3*s. What is the remainder when 102 is divided by s?
18
Let j(v) = -7*v + 4. Let m be (-1 + -5)*2/(-4). Suppose 0 = m*p - 2*b + 15, -5*p - 4*b = 5 - 2. What is the remainder when j(p) is divided by 9?
7
Let b = 17 - -20. Calculate the remainder when b is divided by 19.
18
Suppose -637 = 11*u - 18*u. What is the remainder when u is divided by 23?
22
What is the remainder when 74 is divided by 222/9 + (-7)/(-21)?
24
Let f(c) be the first derivative of c**4/2 - 4*c**3/3 + c**2 - 2*c - 1. Suppose r - 3*r + 6 = 0. What is the remainder when f(r) is divided by 12?
10
Let v(j) = j + 8. Let q be v(7). Let c = 8 - q. Let d = 16 + c. Calculate the remainder when 17 is divided by d.
8
Let w be -1*2 + 2 + 0. Suppose 0 = -w*j + 2*j - 92. What is the remainder when j is divided by 12?
10
Suppose -3*y = -5*y, y + 48 = 2*g. Let s = g + -12. Calculate the remainder when ((-164)/s)/(2/(-6)) is divided by 11.
8
Let r be ((-18)/(-15))/((-3)/20). Calculate the remainder when (r/(-20))/((-1)/(-35)) is divided by 9.
5
Suppose -2*b = -o + 43, 4*o + 0*b - 5*b = 160. What is the remainder when o is divided by 9?
8
Suppose 0 = a - 7*a + 252. Calculate the remainder when a is divided by 9.
6
Suppose -q - 2 = 0, 2*q = -3*t + t + 4. Let l = -34 + 50. Let u = 18 - l. What is the remainder when t is divided by u?
0
Let m = -61 + 151. What is the remainder when m is divided by 13?
12
Suppose 31 = -2*b - 13. Let a be (-4)/22 + (-4)/b. Let l = 13 - a. Calculate the remainder when 25 is divided by l.
12
Let r(g) = g**3 - g**2 - g + 71. Calculate the remainder when r(0) is divided by 24.
23
Suppose -5*u + 10 = -3*u. Calculate the remainder when 19 is divided by u.
4
Let c(u) = -u**3 - 4*u**2 + 3*u - 5. Let a be c(-5). Let j be (1/3)/(5/(-15)). Let d = j + a. What is the remainder when 11 is divided by d?
3
Suppose 5*g - 1719 + 526 = 4*h, -4*g + 950 = -h. Calculate the remainder when g is divided by 34.
33
Let s = -2 + 51. Suppose v + v - 74 = 3*u, -78 = -2*v + 5*u. Suppose -3*k + v = -k. What is the remainder when s is divided by k?
15
Suppose 13 + 5 = 2*c. Calculate the remainder when 30 is divided by (c/(-6))/((-15)/80).
6
Let h(a) = 18*a - 9. Calculate the remainder when h(5) is divided by 21.
18
Suppose 3*i = 2*f + 17, -3*f - 8 = 3*i - 5. Calculate the remainder when 32 is divided by i.
2
Let s(x) = -x**3 - 4*x**2 + 3*x. Suppose -4*y - 82 = -9*y - 4*q, 2*q + 4 = 0. What is the remainder when y is divided by s(-5)?
8
Let o(a) = a**2 - a + 1. What is the remainder when (-2)/(8/(-212)) - 4 is divided by o(-3)?
10
Suppose a - 3*h - 63 = -h, 8 = -2*h. Suppose 3*q - 20 - 22 = 0. Calculate the remainder when a is divided by q.
13
Let n(l) = 4*l**2 + l - 14. Calculate the remainder when 178 is divided by n(-4).
40
Let v(b) = -b**2 + 9*b - 9. Let i be v(7). Suppose 5*z = -5*r + 275, -z = -i*r - 0*z + 275. What is the remainder when r is divided by 14?
13
What is the remainder when 127 is divided by (-7 + 1)*(-66)/12?
28
Calculate the remainder when (-66)/(-4) - 14/(-28) is divided by 7.
3
Suppose 7 + 0 = j. Let b be 60/(-27) + (-2)/(-9). What is the remainder when b/j + (-240)/(-7) is divided by 18?
16
Let t(f) = -f**3 + 8*f**2 + 3*f - 8. What is the remainder when 109 is divided by t(8)?
13
Let z(c) = -c**3 + 8*c**2 - 6*c - 5. Let f be z(7). Suppose f*u - 7 = 7. Let d = 12 + 1. What is the remainder when d is divided by u?
6
Suppose -3 = -c - 1. Suppose c*b - 16 = -2*b. Suppose l - 40 = -b*l. What is the remainder when 14 is divided by l?
6
Suppose 0 = 5*b + 71 - 371. What is the remainder when b is divided by 21?
18
Suppose -747 = -4*c - 15. Suppose c = 12*a - 9*a. Calculate the remainder when a is divided by 16.
13
Let z = 184 + -95. What is the remainder when z is divided by 30?
29
Let h = -13 + 34. Suppose m - w = 2*m - 64, -m = 4*w - 70. What is the remainder when m is divided by h?
20
Suppose c - 6 = t, t + 3*t + 20 = 0. Calculate the remainder when 3 is divided by c.
0
Suppose -2*b = -21 - 47. Calculate the remainder when b is divided by 7.
6
Let q be 7/(-21) + (-124)/6. Let s = 38 + q. Let o(y) = -11*y - 1. What is the remainder when o(-3) is divided by s?
15
Suppose 4*d = 5*c + 17, 3 + 0 = 2*d + 3*c. Calculate the remainder when 10 is divided by d.
1
Let c(x) = x**3 + 22*x**2 - 2*x + 9. What is the remainder when c(-22) is divided by (-2 + 8/(-14))*-7?
17
Suppose 4*m = q + 44 + 65, 5*m - 125 = 5*q. What is the remainder when m is divided by 11?
6
Suppose 3*t = 4*u - 0*u - 14, -5*t - 16 = -3*u. Suppose -3*k - 53 + 12 = -4*g, 24 = 2*g + u*k. What is the remainder when 32 is divided by g?
10
Let x = -8 + 3. Let v(s) = -6*s - 4. Calculate the remainder when v(x) is divided by 14.
12
Let r(h) = 5*h + 11. Let g(q) = -26*q - 56. Let k(i) = -2*g(i) - 11*r(i). Let x = -76 - -110. What is the remainder when x is divided by k(-7)?
10
Let m(s) = -s - 8. Let q be m(-4). Let z(a) = -a**3 + 8*a**2 - 7*a. Calculate the remainder when z(6) is divided by 22/(-3)*6/q.
8
Let m = 10 + -13. Calculate the remainder when 7 is divided by 5 + (3 + m - 1).
3
Let x(n) = n**2 - 3*n + 6. Calculate the remainder when 134 is divided by x(-4).
32
Let r be ((-7)/2)/((-4)/8). Let y = r - -10. Let j = -12 + 18. Calculate the remainder when y is divided by j.
5
Let l(s) = -s**3 + 6*s**2 + 3*s + 3. Let i(n) = 4*n**2 + 4*n + 3. What is the remainder when l(5) is divided by i(-2)?
10
Let p(w) be the first derivative of w**3/3 + 3*w**2 + 8. What is the remainder when 27 is divided by p(-7)?
6
Calculate the remainder when (-1 + (-124)/(-3))*(-54)/(-18) is divided by 42.
37
Let y be (2/(-4))/(5/120). Let p = y - -39. Calculate the remainder when p is divided by 14.
13
Suppose 13 = -5*m - a, 0 = -2*m - 3*m + a - 17. Let g = m + 13. Let c = 65 + -47. What is the remainder when c is divided by g?
8
Suppose 2*m - 296 + 40 = 0. Suppose n + m = 5*n. What is the remainder when 94 is divided by n?
30
Let b(u) = -u**3 + 11*u**2 - 11*u + 13. Let g be b(10). Calculate the remainder when 14 is divided by ((-6)/4)/(g/(-16)).
6
Let v(q) = -q**3 + 3*q**2 - q - 1. Let c be v(5). Let m = 119 + c. Let l = m - 36. What is the remainder when l is divided by 10?
7
Let k = -51 + 68. Let n(z) = 11*z + 4. Calculate the remainder when n(4) is divided by k.
14
What is the remainder when 99 is divided by 34 - 3 - (-4 + 1)?
31
Suppose -3 = -i + 2. Calculate the remainder when 8 is divided by i.
3
Let a(n) = 2*n - 13. Calculate the remainder when 13 is divided by a(9).
3
Let u(h) = -h**3 - h**2 - h + 19. Let i be u(0). Let a = 42 - i. Suppose -8*j = -5*j - 36. Calculate the remainder when a is divided by j.
11
Suppose 8*i - i - 49 = 0. What is the remainder when 25 - 0/(2/(-2)) is divided by i?
4
Let u(i) = -i**3 - 9*i**2 - 13*i + 13. Calculate the remainder when 75 is divided